) = -3*j(k) - r(k). Let m be s(5). What is the highest common divisor of 77 and m?
11
Let d(b) = 2*b**3 + 4*b**2 + b - 2. Let x be d(-2). Let a = 1 - x. Suppose -3*l + 12 + 16 = 4*v, a*v + 22 = l. What is the highest common divisor of l and 3?
3
Suppose -q + 6*q - 150 = 0. Suppose 3*i = 6*i - q. Calculate the highest common divisor of 90 and i.
10
Let p(x) = -4*x + 6. Let b be p(-7). Let w be 1*(-1 - 1) + b. Calculate the highest common divisor of 4 and w.
4
Suppose 3*s - 158 = -14. Let x be ((-1)/2)/((-2)/s). Calculate the greatest common divisor of 132 and x.
12
Suppose -3*j + 2 = 5. Let b = 4 + j. Suppose b*r + 18 = 4*r. Calculate the highest common factor of r and 12.
6
Let h be (-1)/3 - (-185)/(-3). Let p = 58 - h. Suppose -2*d + p = d. Calculate the highest common factor of 10 and d.
10
Let d = 11 + -7. Suppose -2*v = d*i - 128, -4*v + 5*i + 142 = -114. Suppose 0*k - k = 5*c - 1, 86 = 5*k - 2*c. What is the highest common factor of k and v?
16
Suppose 0 = 4*u - 4, 3*q - u + 0*u = 125. Suppose 18 = -2*g - 2*d + q, -4*g = d - 45. Calculate the greatest common factor of 11 and g.
11
Let v = -12 + 30. Let f(u) = 3*u**3 + u - 2. Let q be f(1). What is the highest common factor of q and v?
2
Suppose 113 = -2*w + 6*w + 5*b, -3*b - 9 = 0. Calculate the greatest common divisor of w and 256.
32
Let l(w) = w**2 - w - 1. Let r be l(-2). Suppose 5*v = 5*f - 220, 6*f - f + 4*v = 184. What is the highest common divisor of r and f?
5
Let j = 45 + -40. Calculate the highest common factor of 25 and j.
5
Let k be 6/(-12) + 5/2. Let t be (-3)/(9/42) + -3. Let c be (-3 - -2) + 0 - t. Calculate the highest common factor of c and k.
2
Let w be 5*5/(25/(-2)). Let j = w + -17. Let p = 30 + j. What is the highest common divisor of 22 and p?
11
Suppose 0 = -x - j + 9, -7*j - 5 = -5*x - 4*j. What is the highest common divisor of x and 44?
4
Suppose -11*k + 564 = -580. Calculate the highest common divisor of k and 26.
26
Let y be (-69)/(-2) - 1/(-2). Let k = y - 20. Suppose 5*u = 7*u - 12. What is the greatest common factor of u and k?
3
Suppose 3*f - 7 - 5 = 0. Calculate the greatest common divisor of 36 and f.
4
Suppose -g = -167 + 15. Calculate the greatest common divisor of 19 and g.
19
Suppose -3*b - 55 = -8*b - 5*j, -b - 2*j + 9 = 0. Suppose 20 + 6 = t. What is the highest common factor of t and b?
13
Let q = 0 - -3. Let o = q - 1. Calculate the highest common factor of 1 and o.
1
Let k = 96 + -72. Calculate the highest common divisor of k and 24.
24
Suppose -p + 36 + 0 = 0. Suppose -5*l + p = -l. Let d = 5 - 2. What is the greatest common divisor of l and d?
3
Let m = -4 - -11. Let t = m + 20. Let u be (63/(-35))/((-3)/30). Calculate the greatest common divisor of u and t.
9
Let t be (171/(-6))/3*-2. Let a be ((-10)/6)/((-1)/(-6)). Let x = a + t. What is the highest common divisor of x and 72?
9
Suppose -8 - 8 = -2*v. Suppose f + 2*f = 264. What is the greatest common divisor of f and v?
8
Let v be (-1 - 4/(-2)) + 41. Let y be (-7)/2*(0 + -2). Suppose 5*u - y = 23. What is the highest common factor of u and v?
6
Let g(i) = i**3 - 7*i**2 + i - 3. Let p be g(7). Suppose a + p = 1, -2*a = 2*z - 120. Calculate the highest common divisor of z and 7.
7
Let z(w) = -w**3 + 6*w**2 + 4. Let i(m) = -2*m**3 + 12*m**2 - m + 8. Let n(t) = -2*i(t) + 5*z(t). Let q be n(6). What is the highest common divisor of q and 24?
8
Suppose -r + 315 = o, 0 = r - 5*r - o + 1272. Calculate the highest common divisor of r and 29.
29
Let w(c) = -3*c**2 + c + 6. Let u be w(5). Let x be (-3)/(-2)*u/12. Let l be x/4*7/(-2). What is the greatest common factor of l and 56?
7
Suppose 2*j = 3*s + 101, -s - 2*s + 64 = j. Let b = -6 - -10. Suppose 2*k - n - 21 = -3*k, 2*n = b*k - 12. What is the highest common factor of k and j?
5
Let r(q) = q**3 - q - 3. Let p be r(5). Let i be (-2)/4 + 274/(-4). Let o = i + p. What is the highest common factor of 6 and o?
6
Let l(r) = -r**2 + 7*r - 1. Let m be l(5). Calculate the greatest common factor of m and 72.
9
Let i = 136 - 111. What is the highest common factor of 5 and i?
5
Let i = 1 - -8. What is the greatest common divisor of i and 45?
9
Let f(s) = 5*s. Let j be f(2). Calculate the greatest common factor of j and 30.
10
Suppose i - 4*d + 15 = 52, -2*i - d = -47. What is the greatest common divisor of i and 5?
5
Let k(c) = c**2 - 4*c + 6. Let p be k(7). What is the highest common factor of p and 18?
9
Let r = -5 - -25. Suppose 7*t = o + 3*t - 19, -2*o - t = 7. Let f be 0 + 0 + (29 - o). What is the highest common factor of r and f?
10
Let t(o) = -o**3 - 5*o**2 - 6*o - 2. Let z be t(-4). Suppose -i = -z - 16. Calculate the highest common divisor of 242 and i.
22
Let n = 11 + 3. What is the greatest common factor of n and 14?
14
Let u = -159 - -84. Let g = 115 + u. Let r = g - 15. What is the highest common factor of 10 and r?
5
Let n = -9 + 15. Let m be ((-6)/(-4))/(n/8). Suppose -13*g + 42 = -10*g. Calculate the highest common factor of m and g.
2
Let l(t) = t**3 + 10*t**2 + 3*t - 2. Let a be l(-10). Let x = 48 + a. What is the highest common divisor of 4 and x?
4
Let v(d) = -d**3 - 17*d**2 - d - 4. Let h be v(-17). Suppose -k + 4 + 9 = 0. Calculate the highest common factor of k and h.
13
Suppose 0 = -3*j - j - p - 2, -4*j = 5*p + 10. Suppose 4*n - n - 60 = j. Calculate the highest common divisor of n and 30.
10
Suppose -5*o - 2*q + 18 = 0, 2*q - 5 = 3. Let r be (-2 - 1) + 16 + o. What is the highest common divisor of 60 and r?
15
Let y = -6 + 16. What is the greatest common divisor of y and 5?
5
Let m(l) = 4*l + 2. Let c be m(3). Calculate the highest common factor of 14 and c.
14
Let j be 2 - (2 + 0 + -2). Suppose 100 = -0*m + j*m. Suppose -4*t = 5*v - 8*t - 55, m = 2*v + 4*t. Calculate the highest common divisor of v and 45.
15
Suppose 2*v - 7*v + 280 = 0. Suppose -v = 2*r - 4*r. Suppose r = 3*y - 11. Calculate the highest common factor of 13 and y.
13
Let d be 2/9 + 32/18. Suppose -20 = -7*s + d*s. Calculate the greatest common factor of s and 28.
4
Let v(l) = -4 - 105*l + 4. Let f(y) = y**3 - 10*y**2 - 11*y - 1. Let u be f(11). Let i be v(u). Calculate the greatest common divisor of 21 and i.
21
Suppose 3*g = 22 - 10. Suppose b + 33 = g*b. Suppose 5*q - 2*s = -s + 53, 0 = -s + 2. What is the highest common factor of b and q?
11
Let g(l) be the first derivative of -1/2*l**4 + 0*l**2 + 0*l - 4 - 1/3*l**3. Let y be g(-1). Calculate the highest common factor of 2 and y.
1
Let l be (14/(-4))/(7/(-476)) + 2. Suppose 3 = -2*n - n, n - 71 = -3*k. Suppose 0*c = c - k. Calculate the highest common divisor of l and c.
24
Let f = -2 - -4. Suppose 55 + 5 = f*n. What is the greatest common divisor of 6 and n?
6
Let b be 78/1 + -3 + 5. Let g = 2 - -3. Suppose 0 = 4*p - 0*p + y - 65, -g*y = -p + 11. Calculate the greatest common factor of b and p.
16
Suppose 4*p = -4*v + 32, -5*v = 2*p - 19 - 18. Let x(j) = 2*j**2 - 9*j + 3. Let r be x(v). What is the greatest common factor of 57 and r?
19
Let t be 3*(-3)/(-3) + 9. Let s(g) = 5*g**2 - g. Let y be s(-1). Let w = y - -12. Calculate the highest common divisor of w and t.
6
Let k(d) = -3*d**3 - 5*d + 3. Let v be k(-3). Suppose 3*g - 87 = g + n, -3*n + v = 2*g. What is the highest common divisor of g and 5?
5
Suppose -4*q + 5*q = 8. Suppose -q = -x - x. Suppose -2*v - 6 = -4*v - x*c, 4*c + 1 = -v. Calculate the highest common factor of v and 7.
7
Let c(s) = 2*s**2 - 6*s - 3. Let u be c(-5). Let i = 125 - u. Let r be 4/(2*(-3)/(-24)). Calculate the highest common factor of i and r.
16
Let v(t) = t + 5. Let h be v(-3). Suppose -4*c + 520 = 4*l, c + 0*l = -h*l + 128. Suppose 36 = -u + 4*u. What is the greatest common factor of c and u?
12
Let l = -32 + 59. Let c = l - 7. What is the highest common factor of 160 and c?
20
Let m be (3/(-6))/((-1)/24). What is the greatest common factor of m and 8?
4
Suppose -5*p + 7 + 18 = 0. Let n be -12*-2*(-1)/(-3). Let w = 13 - n. What is the highest common factor of p and w?
5
Let h be ((-3)/6)/((-1)/(-58)). Let f = h - -84. What is the highest common divisor of 22 and f?
11
Let x = 521 + -257. What is the greatest common factor of x and 33?
33
Let y be 2/7 + 2 + 108/14. Calculate the greatest common factor of y and 5.
5
Let o = -89 + 161. Suppose -6 = -4*i + 2. Suppose i*h = -h 